 is divided by 23?
8
Calculate the remainder when 143 is divided by 26.
13
Calculate the remainder when 1138 is divided by 15.
13
Calculate the remainder when 2936 is divided by 109.
102
Calculate the remainder when 680 is divided by 655.
25
Calculate the remainder when 1670 is divided by 42.
32
Calculate the remainder when 345 is divided by 9.
3
What is the remainder when 69 is divided by 14?
13
Calculate the remainder when 2274 is divided by 69.
66
Calculate the remainder when 4910 is divided by 17.
14
What is the remainder when 1422 is divided by 16?
14
Calculate the remainder when 1212 is divided by 27.
24
Calculate the remainder when 27 is divided by 3.
0
Calculate the remainder when 48 is divided by 9.
3
Calculate the remainder when 577 is divided by 34.
33
What is the remainder when 18 is divided by 6?
0
Calculate the remainder when 473 is divided by 5.
3
What is the remainder when 781 is divided by 161?
137
What is the remainder when 56 is divided by 31?
25
What is the remainder when 37 is divided by 30?
7
Calculate the remainder when 547 is divided by 61.
59
Calculate the remainder when 1276 is divided by 142.
140
What is the remainder when 93 is divided by 60?
33
What is the remainder when 204 is divided by 103?
101
What is the remainder when 14 is divided by 8?
6
What is the remainder when 1839 is divided by 604?
27
Calculate the remainder when 119 is divided by 47.
25
Calculate the remainder when 109 is divided by 36.
1
Calculate the remainder when 208 is divided by 6.
4
Calculate the remainder when 192 is divided by 11.
5
What is the remainder when 446 is divided by 14?
12
Calculate the remainder when 21843 is divided by 508.
507
What is the remainder when 51 is divided by 4?
3
What is the remainder when 699 is divided by 19?
15
Calculate the remainder when 693 is divided by 217.
42
Calculate the remainder when 1401 is divided by 54.
51
What is the remainder when 127 is divided by 13?
10
Calculate the remainder when 414 is divided by 158.
98
What is the remainder when 114 is divided by 60?
54
What is the remainder when 1414 is divided by 257?
129
What is the remainder when 451 is divided by 149?
4
What is the remainder when 1154 is divided by 241?
190
What is the remainder when 76 is divided by 10?
6
Calculate the remainder when 117 is divided by 61.
56
Calculate the remainder when 216 is divided by 46.
32
What is the remainder when 2048 is divided by 57?
53
Calculate the remainder when 104 is divided by 15.
14
Calculate the remainder when 173 is divided by 52.
17
What is the remainder when 733 is divided by 9?
4
Calculate the remainder when 871 is divided by 456.
415
Calculate the remainder when 363 is divided by 26.
25
Calculate the remainder when 1400 is divided by 355.
335
What is the remainder when 59 is divided by 15?
14
What is the remainder when 48 is divided by 11?
4
What is the remainder when 20 is divided by 2?
0
What is the remainder when 63 is divided by 5?
3
What is the remainder when 2011 is divided by 103?
54
Calculate the remainder when 47 is divided by 4.
3
Calculate the remainder when 1453 is divided by 241.
7
What is the remainder when 266 is divided by 252?
14
Calculate the remainder when 1977 is divided by 9.
6
What is the remainder when 552 is divided by 78?
6
What is the remainder when 587 is divided by 29?
7
Calculate the remainder when 792 is divided by 113.
1
Calculate the remainder when 1184 is divided by 156.
92
What is the remainder when 11113 is divided by 19?
17
What is the remainder when 20 is divided by 17?
3
Calculate the remainder when 271 is divided by 62.
23
What is the remainder when 47 is divided by 30?
17
Calculate the remainder when 126 is divided by 92.
34
Calculate the remainder when 10149 is divided by 3379.
12
What is the remainder when 1479 is divided by 39?
36
What is the remainder when 34 is divided by 12?
10
Calculate the remainder when 161 is divided by 6.
5
What is the remainder when 1258 is divided by 12?
10
Calculate the remainder when 372 is divided by 124.
0
Calculate the remainder when 2221 is divided by 72.
61
Calculate the remainder when 40 is divided by 13.
1
What is the remainder when 1620 is divided by 539?
3
Calculate the remainder when 66 is divided by 42.
24
What is the remainder when 114 is divided by 34?
12
What is the remainder when 734 is divided by 358?
18
What is the remainder when 242 is divided by 19?
14
What is the remainder when 482 is divided by 124?
110
Calculate the remainder when 188 is divided by 7.
6
Calculate the remainder when 200 is divided by 51.
47
Calculate the remainder when 549 is divided by 17.
5
What is the remainder when 189 is divided by 174?
15
Calculate the remainder when 818 is divided by 20.
18
Calculate the remainder when 105 is divided by 20.
5
Calculate the remainder when 54 is divided by 47.
7
What is the remainder when 237 is divided by 93?
51
Calculate the remainder when 1565 is divided by 41.
7
Calculate the remainder when 867 is divided by 7.
6
Calculate the remainder when 66 is divided by 33.
0
What is the remainder when 44 is divided by 10?
4
What is the remainder when 151 is divided by 11?
8
Calculate the remainder when 2942 is divided by 92.
90
What is the remainder when 879 is divided by 98?
95
Calculate the remainder when 14983 is divided by 15.
13
What is the remainder when 39 is divided by 27?
12
Calculate the remainder when 190 is divided by 92.
6
What is the remainder when 31 is divided by 19?
12
Calculate the remainder when 930 is divided by 94.
84
Calculate the remainder when 359 is divided by 119.
2
Calculate the remainder when 150 is divided by 24.
6
What is the remainder when 246 is divided by 80?
6
What is the remainder when 844 is divided by 51?
28
Calculate the remainder when 244 is divided by 14.
6
Calculate the remainder when 91 is divided by 23.
22
Calculate the remainder when 625 is divided by 31.
5
What is the remainder when 1328 is divided by 435?
23
What is the remainder when 702 is divided by 169?
26
What is the remainder when 253 is divided by 70?
43
Calculate the remainder when 103 is divided by 8.
7
What is the remainder when 2203 is divided by 15?
13
Calculate the remainder when 153 is divided by 81.
72
Calculate the remainder when 135 is divided by 72.
63
What is the remainder when 441 is divided by 34?
33
What is the remainder when 693 is divided by 26?
17
What is the remainder when 89 is divided by 44?
1
What is the remainder when 340 is divided by 38?
36
What is the remainder when 8678 is divided by 4332?
14
What is the remainder when 186 is divided by 32?
26
What is the remainder when 1975 is divided by 8?
7
Calculate the remainder when 143 is divided by 116.
27
What is the remainder when 62 is divided by 41?
21
What is the remainder when 560 is divided by 12?
8
What is the remainder when 1416 is divided by 109?
108
Calculate the remainder when 5172 is divided by 1293.
0
Calculate the remainder when 162 is divided by 11.
8
Calculate the remainder when 407 is divided by 126.
29
What is the remainder when 84 is divided by 45?
39
What is the remainder when 152 is divided by 20?
12
Calculate the remainder when 338 is divided by 10.
8
What is the remainder when 1725 is divided by 467?
324
What is the remainder when 441 is divided by 221?
220
What is the remainder when 1490 is divided by 88?
82
Calculate the remainder when 290 is divided by 50.
40
What is the remainder when 115 is divided by 2?
1
Calculate the remainder when 31 is divided by 9.
4
Calculate the remainder when 19238 is divided by 8.
6
Calculate the remainder when 431 is divided by 8.
7
Calculate the remainder when 5088 is divided by 76.
72
What is the remainder when 213 is divided by 67?
12
Calculate the remainder when 383 is divided by 18.
5
What is the remainder when 2801 is divided by 6?
5
What is the remainder when 256 is divided by 13?
9
Calculate the remainder when 777 is divided by 52.
49
What is the remainder when 5251 is divided by 202?
201
Calculate the remainder when 165 is divided by 14.
11
Calculate the remainder when 1717 is divided by 852.
13
Calculate the remainder when 13696 is divided by 18.
16
Calculate the remainder when 666 is divided by 23.
22
What is the remainder when 310 is divided by 92?
34
Calculate the